
9
Suppose -3*j - 3 = -5*d, -4*j + 0*j - 4 = 0. Suppose 32*v - 28*v - 12 = d. Let k(y) = -y**2 + 2*y + 3. Give k(v).
0
Let t be 2 + 0 + 2 + (-240)/36 + 3. Let j(q) be the first derivative of 2*q**2 - 38 + q - t*q**3. What is j(4)?
1
Suppose 7 = 3*s - 2*q - 15, 4 = 4*q. Let x be (6/s)/(-1 - (-38)/40). Let o be x*16/36 - 3/9. Let z(f) = f**2 + 7*f - 2. Give z(o).
-2
Let n(b) = -6*b + 112. Let q = -8511 + 8530. What is n(q)?
-2
Let h(k) = -21*k**2 - 1. Suppose -5*r + 4*l + 17 = 0, 0 = -21*r + 14*r - l + 4. What is h(r)?
-22
Let t(a) = -5*a - 3. Let o(k) = 1. Let g(n) = -2*n + 5. Let c(m) = -g(m) + 6*o(m). Let x(q) = 11*c(q) + 4*t(q). Let w = -6880 + 6878. Give x(w).
-5
Let g be (-5 - 1*(-9 - 3))*(-30)/(-21). Let m(d) = -d**3 - 2*d**2 + 120*d + 1. What is m(g)?
1
Suppose -5*t = -d + 23 + 51, -86 = -d - t. Suppose 40*p + d = 19*p. Let q(g) be the first derivative of -g**4/4 - 4*g**3/3 - 5*g - 1. Calculate q(p).
-5
Let p be (-65)/(-10) - 1/2. Let a(w) = -5*w + 7*w - 7*w**2 + 2 - p + 3. Let d(b) = -b**2 + 7*b - 11. Let j be d(3). What is a(j)?
-6
Let w(i) = 1 + 50*i - i**3 + 2 + 13*i**2 + 89*i - 140*i. Let f = -12 + 25. Give w(f).
-10
Let k(b) = -b**2 - 46*b - 129. Suppose 93 - 150 = 12*a + 7*a. What is k(a)?
0
Let c(g) = 6 + 5*g - g + g**2 + g. Suppose -687 = -7*z - 645. Let f(u) = u**2 + 6*u + 6. Let y(s) = z*c(s) - 5*f(s). What is y(0)?
6
Let p(c) = c**2 + 25*c - 27. Let a = -4661 + 4635. Determine p(a).
-1
Let f(d) = -d**3 + 11*d**2 - 18*d + 6. Let g = 6027 + -6018. Give f(g).
6
Let l = 31623 - 31636. Let z(y) = -y - 14. Calculate z(l).
-1
Suppose 3*m = 3*p, 0*m = m - 2*p + 2. Let t(c) = 0*c + 2*c + c**2 + 14*c - m*c**2. Determine t(16).
0
Let y = -17209 + 17215. Let v(w) = w**3 - 4*w**2 - 5*w - 11. Determine v(y).
31
Suppose -3*u = -69 - 36. Let p = 35 - u. Let x(w) = p*w**2 + 5*w + 0*w - w**2 + 2 - 2*w. Give x(5).
-8
Let v(s) = s**3 + 4*s**2 - 3*s + 6. Let l = 174 - 169. Suppose 7*p = -l*p - 60. What is v(p)?
-4
Let v be (-18)/(-27)*(36 - 0). Suppose 68*y - 62*y - v = 0. Let t(o) = o**2 - 7*o + 13. What is t(y)?
1
Let x(m) = -m**3 + 16*m**2 - 15*m - 2. Let s = -3017 + 3032. Determine x(s).
-2
Let x(r) = -2*r**2 - r - 1. Let l be (2 - 6/6)*(38 - 2). Let c(w) = w**3 - 6*w**2 - 3*w + 6. Let n be c(4). Let u = l + n. What is x(u)?
-7
Let z = -88 + 90. Suppose 0 = 2*w - z*s - 14, -2*s = -w + 4 + 5. Let j(f) = -8 + w + 2 + 4*f. Give j(-3).
-13
Let b(c) = 109*c + 14. Let o(j) = 1389*j + 183. Let f(t) = 51*b(t) - 4*o(t). Calculate f(5).
-3
Let o(r) = 9*r - 502. Let y(i) = i**2 - 38*i + 368. Let z be y(12). Determine o(z).
2
Let c(p) = p**3 - 3*p**2 + 3*p - 5. Let a(w) = w + 5. Let z be a(-2). Determine c(z).
4
Let t(i) be the first derivative of i**6/360 + i**5/60 + 3*i**3 + 43. Let l(f) be the third derivative of t(f). What is l(-3)?
3
Let q(l) be the second derivative of -l**5/20 - l**4/3 + l**3/6 + 2*l**2 + l + 1430. Let m be 4/(-1 + (-1)/(-3)). Let u = 3 + m. What is q(u)?
-8
Let l(f) = f**3 - 3*f**2 + 3*f - 4. Let c be l(3). Let a(x) = 8*x - 40. Give a(c).
0
Let u(k) = k - 4. Let s be u(2). Let q(a) = -32*a**2 + 5*a - 13. Let v = -91 - -85. Let y(b) = 17*b**2 - 3*b + 7. Let m(j) = v*q(j) - 11*y(j). Give m(s).
15
Let g(x) = x - 2 + 0 + x. Suppose 3*u - 39 = 0, 0 = c + 2*u - 0*u + 3*u - 74. Calculate g(c).
16
Suppose 9 = -5*z + 135*k - 131*k, 0 = z - 2*k + 3. Let o(w) = -44*w + 2. Calculate o(z).
46
Let b(p) = -6*p + 22 + p**3 - 4 - 8*p**2 + 3*p - 8*p. Let x be b(9). Suppose -4*u + 6*u + 10 = x. Let j(q) = -2*q - 2. Give j(u).
8
Let v(q) = 2*q**2 + 53*q + 37. Suppose 4*b - 5*b + 5*s = 5, 2*s + 58 = -2*b. What is v(b)?
-38
Let v(b) = 4*b + 5. Let r be v(0). Let o(d) = -2*d**2 + 8*d - 5. Calculate o(r).
-15
Suppose 4*u + 5*h + 6 = 24, -2*u = h - 6. Let y(s) = 44 - 4*s + 2*s**u - 49 - s**2. Let a(z) = -z**2 + 4*z + 4. Let d(m) = -4*a(m) - 3*y(m). Determine d(3).
-4
Let x(g) = g**2 + 5*g - 2. Let c(o) = -o**3 - 5*o**2 - 13*o + 18. Let p(w) = c(w) + 4*x(w). Determine p(-4).
30
Let n(f) = -7*f + 5. Let u(r) = -11*r + 92. Let b be ((-1)/(-10)*12)/(3/20). Let k be u(b). Calculate n(k).
-23
Let d(f) = -15*f**3 + 10*f**2 - 3*f + 9. Let a(s) = -2*s - 12*s**3 + 4 + 5*s**2 + 2*s**3 - s**2 - 2*s**3 + 5*s**3. Let g(q) = 13*a(q) - 6*d(q). Give g(-6).
-26
Let b(j) be the second derivative of -8*j**3/3 + 5*j**2 - 3959*j. Calculate b(-3).
58
Let f(v) = -12*v**3 - 2*v**2 + 6*v + 1. Let m be 1/(-22 - -17 - 34/(-7)). Let y(b) = -5*b**3 + 3*b. Let o(z) = m*y(z) + 3*f(z). What is o(-5)?
-7
Let g = -13220 + 13230. Let s(c) = -c**3 + 8*c**2 + 22*c - 6. Calculate s(g).
14
Let m(h) = 23*h**3 - h**2 - h. Suppose -3*k + 11*k = 624. Suppose -k = 2*n - 76. Give m(n).
-23
Let c = -42 + 95. Let u = c - 51. Suppose 0 = -3*t + 3*r + 21, 6*t - 13 = u*t + r. Let w(h) = -2*h. Give w(t).
-4
Let b(m) = 5*m**2 + 6*m + 5. Suppose r + 2 = -3*g - 15, -2*r - 4*g - 24 = 0. Determine b(r).
13
Let s(w) = 4*w**3 - w**2 - 2*w + 2. Suppose -7*o = 51 - 205. Suppose 5*q - 27 = -o. Let i be s(q). Let d(z) = -z - 3. Calculate d(i).
-6
Let s(f) = 8*f + 3 + 49036*f**2 - 24520*f**2 - 24518*f**2. Determine s(6).
-21
Let q be -6 + -16 + -19 + 44. Let a(v) = 6*v**2 - 6*v - 4. Let s(f) = f**2 - f - 1. Let n(d) = -a(d) + 8*s(d). Give n(q).
8
Suppose 0 = 402*b + 97*b + 3493. Let g(n) = -n**2. Let x(a) = 7*a**2 + 4*a - 2. Let d(t) = 6*g(t) + x(t). Give d(b).
19
Let y(j) = -j**3 + j**2 + 2*j - 3. Suppose -4*r = 4*l - 72, 10*l = -4*r + 5*l + 73. Suppose r*g = -19 + 70. Calculate y(g).
-15
Let t(q) be the second derivative of -3/2*q**2 - 1/12*q**4 - 5/3*q**3 + 124*q + 2. Calculate t(-11).
-14
Let x(c) = 3*c**2 - 139*c - 947. Let v be x(-6). Let p(o) = o**3 + 5*o**2 - 2*o + 3. Give p(v).
13
Let v(y) = -y**2 - 9*y - 7. Let h(g) = g**3 - g**2 - 4*g. Let s be h(3). Let w be (s/4)/(60/(-2480)). Let r = w - -54. Calculate v(r).
1
Let w(d) = -d**3 + 6*d**2 + 4*d + 7. Let b(g) = -g**2 + 24*g - 135. Let c be b(14). Determine w(c).
52
Let x = -10 - 10. Let r be -10*(-4)/x*-2. Let a(w) = 2*w**2 + 3*w**2 - 3 - 70*w + w**2 - 5*w**2 + 67*w. Calculate a(r).
1
Suppose -2*y - 3*a = -2, 0 = -4*y - 5*a + 4 - 2. Let o(n) = 13*n + 174. Let k(w) = 7*w + 95. Let p(d) = -11*k(d) + 6*o(d). Determine p(y).
-3
Let q(w) be the third derivative of w**4/24 - 2*w**3/3 + 1825*w**2. Determine q(3).
-1
Let r(k) = 9*k**3 + 4*k**2 + 7*k - 29*k**3 - 1 + 17*k**3 + 2*k**3 + 11. Determine r(6).
-20
Let g(u) be the third derivative of 7*u**4/8 + u**3/6 + 2*u**2 - 68. Give g(2).
43
Let v(x) = -20*x**2 + 5*x + 12. Let t(f) = -14*f**2 + 4*f + 8. Let i(z) = 7*t(z) - 5*v(z). Let o be (-4)/(1/((-5)/2)). Let j be 6/o + 18/(-5). Determine i(j).
5
Let x = 1832 + -1783. Let z(q) = -q**3 + 48*q**2 + 48*q + 61. Give z(x).
12
Let s(l) = 9*l + 315. Let u = -7222 + 7188. Calculate s(u).
9
Let h(g) be the second derivative of -39*g + 1/2*g**2 + 0 - 1/12*g**4 + 0*g**3 + 3/10*g**5. What is h(-1)?
-6
Suppose i = 3*i. Let y be -2*(-9)/(-6) + 3 + 2. Let t(h) = -h + 26 + 0*h + y*h - 19. Determine t(i).
7
Let o(s) = s**2 - 4*s. Let d(n) = -n**2 + 27*n + 34. Suppose -135 = -5*c - 10*m + 15*m, 3*c + m - 85 = 0. Let b be d(c). What is o(b)?
12
Let v(l) = -10 + 217*l**2 + 191*l - 192*l**2 - 4*l**3 - 171*l + 10. Give v(7).
-7
Let x(b) = -309*b - 72. Let g(o) = -103*o - 26. Let c(k) = 11*g(k) - 4*x(k). What is c(1)?
105
Let r(w) = -2809*w**2 + 11 + 1400*w**2 + 1410*w**2 - 8*w. Determine r(3).
-4
Let i(w) = -w + 5. Let z(b) be the first derivative of 7*b**2/2 - 33*b + 105. Let s(r) = 4*i(r) + z(r). What is s(12)?
23
Let n(c) = -c**2 - 2*c - 3. Let g be n(-3). Suppose -3*d + 120 = 102. Let q(a) = 4*a - 8 + 17*a**3 - 3*a - 18*a**3 - 5*a - d*a**2. Calculate q(g).
16
Let o = 72 - 61. Suppose 3*g + o = 26. Suppose g*h + 10 = -0*h, 3*h + 2 = 2*x. Let t(i) = 4*i. Give t(x).
-8
Let f be 195/78 + 7/(-2). Let t(n) = -1. Let o(w) = -2*w - 12. Let y be o(-5). Let b(r) = -7*r + 2. Let p(u) = y*t(u) - b(u). Give p(f).
-7
Let a(u) = u**3 + 9*u**2 + 17*u - 4. Let h be a(-6). Let m(c) = -h*c - 42*c**2 - c + 41*c**2 - 2. What is m(-3)?
-2
Let b(z) = z + 16. Suppose -y + 13*p - 8*p + 52 = 0, -4*p = -20. Suppose -11*o = -18*o - y. Calculate b(o).
5
Suppose 2 = y + 4. Let m(u) be the third derivative of -3*u**2 + 0 + 1/30*u**5 + 1/3*u**3 + 1/6*u**4 - 21*u. What is m(y)?
2
Suppose 32*k - 10*k - 88 = 0. 